e?
True
Is 352784621 a composite number?
True
Is 9752659867 composite?
False
Is 9383507821 a composite number?
True
Is 2528109229 a prime number?
True
Is 29757972467 a prime number?
True
Is 483853319 a composite number?
False
Is 46441879 prime?
False
Is 741129547 composite?
False
Is 3390186389 a composite number?
False
Is 2728859411 composite?
False
Is 1300564747 prime?
True
Is 6178788877 prime?
True
Is 477731351 a composite number?
False
Is 93935204741 composite?
True
Is 5022975619 a prime number?
False
Is 11865841991 a prime number?
True
Is 34237077998 a prime number?
False
Is 1378535923 a composite number?
True
Is 253150451 prime?
False
Is 3995826631 composite?
False
Is 603953863 a prime number?
False
Is 9719705 prime?
False
Is 291687646223 a prime number?
True
Is 1113673565 prime?
False
Is 175775581 a composite number?
True
Is 17689089853 prime?
False
Is 41314627 prime?
True
Is 125565763837 prime?
False
Is 484856479 a composite number?
False
Is 626915627 composite?
True
Is 36661370891 prime?
True
Is 148610941 a composite number?
True
Is 8158981069 composite?
False
Is 1640929333 a prime number?
False
Is 11384247629 composite?
True
Is 10830416413 a composite number?
False
Is 257897648219 composite?
False
Is 3538227421 a prime number?
False
Is 4822346857 a composite number?
False
Is 464509519 a composite number?
False
Is 1174550549 prime?
True
Is 3088502377 prime?
True
Is 32403079339 composite?
True
Is 5158066403 a prime number?
False
Is 1078870937 a prime number?
True
Is 82701389 prime?
True
Is 22611599291 prime?
True
Is 90678521 composite?
True
Is 682757531 composite?
False
Is 2433610831 a composite number?
False
Is 29337713 composite?
True
Is 2488288003 prime?
True
Is 14644042885 a composite number?
True
Is 44934625361 a composite number?
True
Is 4688826965 a composite number?
True
Is 51229429123 a prime number?
True
Is 567159526 composite?
True
Is 82411991941 a composite number?
False
Is 84149476259 a composite number?
False
Is 3766898197 prime?
True
Is 156181599437 prime?
True
Is 1649355661 composite?
False
Is 4308813713 composite?
False
Is 27041054057 a prime number?
True
Is 1417309049 a prime number?
False
Is 4677772283 prime?
True
Is 437278819 a prime number?
False
Is 1506424201 prime?
True
Is 879447557 a composite number?
True
Is 900209747 a prime number?
True
Is 9607757807 prime?
False
Is 3514676647 a composite number?
False
Is 156306787493 composite?
False
Is 2091098173 a prime number?
True
Is 12610305579 a composite number?
True
Is 1199941139 prime?
False
Is 7782467443 prime?
True
Is 10193264009 composite?
True
Is 1549935107 prime?
False
Is 8285464651 a composite number?
True
Is 3249256655 a composite number?
True
Is 21955385497 composite?
False
Is 9428405605 prime?
False
Is 358145173 a prime number?
True
Is 9342970379 a prime number?
True
Is 445082597 composite?
True
Is 23676808453 a prime number?
False
Is 55537129 prime?
True
Is 87082819 prime?
True
Is 68839709 a prime number?
True
Is 3083245489 composite?
False
Is 1398261427 composite?
False
Is 3012046319 prime?
False
Is 1008467897 a composite number?
True
Is 179420027 prime?
False
Is 1778366459 a composite number?
False
Is 3112212011 a prime number?
True
Is 1900713641 prime?
True
Is 8882718287 composite?
False
Is 559625987 composite?
False
Is 714902681 prime?
False
Is 27034257554 prime?
False
Is 47241381559 a composite number?
False
Is 1703588087 a prime number?
True
Is 510329459 a prime number?
False
Is 58994198149 a composite number?
False
Is 476416453 composite?
False
Is 4904326483 composite?
True
Is 799605617 a prime number?
True
Is 10385099997 a prime number?
False
Is 430330211 a prime number?
True
Is 222297637 a composite number?
False
Is 10679414521 composite?
False
Is 395398249 a prime number?
False
Is 7304541971 prime?
True
Is 50097773299 prime?
False
Is 23742573707 a composite number?
False
Is 32624267833 composite?
True
Is 3829452631 a prime number?
True
Is 2844171593 a composite number?
False
Is 6846653701 composite?
True
Is 65361781 a prime number?
True
Is 12925764097 a prime number?
True
Is 38576675381 prime?
False
Is 641837171 prime?
True
Is 684718198 a composite number?
True
Is 1674999433 composite?
False
Is 45940013527 a prime number?
False
Is 4755755135 a composite number?
True
Is 231509219 composite?
False
Is 212455313255 prime?
False
Is 4691809649 composite?
False
Is 813319273 composite?
True
Is 2516729801 a composite number?
True
Is 7011991009 prime?
True
Is 5649800869 composite?
False
Is 9344901149 prime?
False
Is 110465060323 prime?
False
Is 225322037 composite?
False
Is 17884747459 prime?
True
Is 207112387 a prime number?
False
Is 274043501 a prime number?
False
Is 73438601231 composite?
True
Is 269350273 prime?
False
Is 633450479 a composite number?
True
Is 3249770431 composite?
True
Is 64004971847 a composite number?
True
Is 3960645259 prime?
True
Is 13033106207 a prime number?
False
Is 4563617437 a prime number?
False
Is 2787609845 composite?
True
Is 27006932569 a composite number?
True
Is 1382098853 prime?
False
Is 1337640671 composite?
True
Is 1451031103 composite?
True
Is 18255899657 a composite number?
False
Is 107811727 a prime number?
True
Is 2133754631 a prime number?
True
Is 6350604899 a composite number?
True
Is 4098212623 a composite number?
True
Is 8452337 a prime number?
False
Is 1791709649 prime?
True
Is 10790308387 a composite number?
False
Is 32103952451 composite?
False
Is 14795319853 a prime number?
True
Is 3043005659 prime?
True
Is 1501254479 a prime number?
False
Is 1010997007 composite?
True
Is 3399204353 prime?
True
Is 229388699 a composite number?
False
Is 1260710113 composite?
True
Is 2605602199 composite?
True
Is 8900212379 a composite number?
True
Is 1814214169 a prime number?
False
Is 8573651585 a composite number?
True
Is 23199604577 a composite number?
True
Is 290677864771 a composite number?
True
Is 594706499 composite?
False
Is 338803559 composite?
False
Is 67732047133 composite?
False
Is 12425836199 a prime number?
False
Is 25430956867 composite?
False
Is 2430667037 a composite number?
True
Is 1099338533 prime?
False
Is 4298377711 prime?
False
Is 2768304373 a composite number?
False
Is 20337254099 a prime number?
True
Is 492109669 a composite number?
False
Is 1765016173 composite?
True
Is 4657450871 a composite number?
True
Is 3720728059 composite?
True
Is 989554541 composite?
False
Is 590835253 prime?
True
Is 85858794305 a composite number?
True
Is 51433817731 a composite number?
True
Is 5853080743 prime?
True
Is 518416397 prime?
False
Is 3078404809 prime?
True
Is 204178622981 a prime number?
False
Is 1184255857 a prime number?
False
Is 13762151 a composite number?
True
Is 1619939189 prime?
False
Is 9553302223 a prime number?
True
Is 652156417 a composite number?
True
Is 26832080641 prime?
False
Is 5169981559 composite?
False
Is 4866052813 a composite number?
True
Is 915887551 composite?
True
Is 269401331 prime?
False
Is 115504161161 prime?
False
Is 316062749 a prime number?
True
Is 160274501 composite?
False
Is 62260799 prime?
True
Is 7412446411 a composite number?
False
Is 22847975971 a composite number?
True
Is 2734170863 a composite number?
True
Is 6779968177 a composite number?
True
Is 665003789 a composite number?
False
Is 1326773869 composite?
False
Is 2739913991 prime?
True
Is 721368529 a prime number?
False
Is 13479258467 a composite number?
False
Is 17261117333 composite?
True
Is 33045202889 a prime number?
True
Is 29475075787 a composite number?
True
Is 152754659 a prime number?
True
Is 41384462239 composite?
True
Is 14023043227 prime?
False
Is 6820157609 a prime number?
False
Is 733237 a composite number?
False
Is 32313969115 prime?
False
Is 1801153087 prime?
False
Is 2581579907 a prime number?
True
Is 3685330973 prime?
True
Is 1040871398405 prime?
False
Is 168610853 composite?
False
Is 9427447 a composite number?
True
Is 32883878611 a prime number?
True
Is 1368659701 a composite number?
True
Is 329101583 a composite number?
True
Is 18026789321 prime?
False
Is 10229948381 prime?
True
Is 3033822167 a composite number?
False
Is 3184332549 a prime number?
False
Is 1008631411 composite?
False
Is 855301829 a composite number?
True
Is 7165037371 prime?
True
Is 1099440227 prime?
False
Is 8100876059 a composit